{"id":1931,"date":"2021-06-16T13:07:58","date_gmt":"2021-06-16T11:07:58","guid":{"rendered":"https:\/\/lesplantesdisa.fr\/?post_type=product&#038;p=1931"},"modified":"2025-04-14T09:31:41","modified_gmt":"2025-04-14T07:31:41","slug":"sel-aux-herbes-de-provence","status":"publish","type":"product","link":"https:\/\/lesplantesdisa.fr\/produit\/sel-aux-herbes-de-provence\/","title":{"rendered":"Sel aux herbes de Provence"},"content":{"rendered":"<p><span style=\"font-size: 14pt; font-family: 'Comic Sans MS', sans-serif; color: #000000;\">Composition: Sel des salins du midi\u00a0 et herbes de Provence : Romarin, Basilic, Sarriette, Thym, Origan, Marjolaine.<\/span><\/p>\n<p><span style=\"font-family: 'Comic Sans MS', sans-serif; color: #000000;\">Le sel et les herbes aromatiques est un m\u00e9lange qui ajoutera des saveurs \u00e0 vos repas quotidiens. Ce m\u00e9lange sublimera vos l\u00e9gumes, volailles, porc, b\u0153uf et poisson. <span>Ajoutez une touche de soleil \u00e0 vos recettes.<\/span><\/span><\/p>\n","protected":false},"excerpt":{"rendered":"<p><span style=\"color: #000000; font-family: 'Comic Sans MS', sans-serif;\">100% Naturel et Bio<\/span><\/p>\n","protected":false},"featured_media":1932,"comment_status":"closed","ping_status":"closed","template":"","meta":{"_acf_changed":false},"product_brand":[],"product_cat":[48],"product_tag":[],"class_list":{"0":"post-1931","1":"product","2":"type-product","3":"status-publish","4":"has-post-thumbnail","6":"product_cat-les-condiments-et-aromates","8":"first","9":"instock","10":"shipping-taxable","11":"purchasable","12":"product-type-simple"},"acf":[],"aioseo_notices":[],"_links":{"self":[{"href":"https:\/\/lesplantesdisa.fr\/nov-apijson\/wp\/v2\/product\/1931","targetHints":{"allow":["GET"]}}],"collection":[{"href":"https:\/\/lesplantesdisa.fr\/nov-apijson\/wp\/v2\/product"}],"about":[{"href":"https:\/\/lesplantesdisa.fr\/nov-apijson\/wp\/v2\/types\/product"}],"replies":[{"embeddable":true,"href":"https:\/\/lesplantesdisa.fr\/nov-apijson\/wp\/v2\/comments?post=1931"}],"wp:featuredmedia":[{"embeddable":true,"href":"https:\/\/lesplantesdisa.fr\/nov-apijson\/wp\/v2\/media\/1932"}],"wp:attachment":[{"href":"https:\/\/lesplantesdisa.fr\/nov-apijson\/wp\/v2\/media?parent=1931"}],"wp:term":[{"taxonomy":"product_brand","embeddable":true,"href":"https:\/\/lesplantesdisa.fr\/nov-apijson\/wp\/v2\/product_brand?post=1931"},{"taxonomy":"product_cat","embeddable":true,"href":"https:\/\/lesplantesdisa.fr\/nov-apijson\/wp\/v2\/product_cat?post=1931"},{"taxonomy":"product_tag","embeddable":true,"href":"https:\/\/lesplantesdisa.fr\/nov-apijson\/wp\/v2\/product_tag?post=1931"}],"curies":[{"name":"wp","href":"https:\/\/api.w.org\/{rel}","templated":true}]}}

<p><span style="font-size: 14pt; font-family: 'Comic Sans MS', sans-serif; color: #000000;">Composition: Sel des salins du midi  et herbes de Provence : Romarin, Basilic, Sarriette, Thym, Origan, Marjolaine.</span></p>
<p><span style="font-family: 'Comic Sans MS', sans-serif; color: #000000;">Le sel et les herbes aromatiques est un mélange qui ajoutera des saveurs à vos repas quotidiens. Ce mélange sublimera vos légumes, volailles, porc, bœuf et poisson. <span>Ajoutez une touche de soleil à vos recettes.</span></span></p>
