{"id":1951,"date":"2021-06-16T13:36:27","date_gmt":"2021-06-16T11:36:27","guid":{"rendered":"https:\/\/lesplantesdisa.fr\/?post_type=product&#038;p=1951"},"modified":"2026-03-14T11:14:33","modified_gmt":"2026-03-14T10:14:33","slug":"sucre-a-la-reine-des-pres-150g","status":"publish","type":"product","link":"https:\/\/lesplantesdisa.fr\/produit\/sucre-a-la-reine-des-pres-150g\/","title":{"rendered":"Sucre \u00e0 la reine des pr\u00e8s 110gr"},"content":{"rendered":"<p><span data-sheets-value=\"{&quot;1&quot;:2,&quot;2&quot;:&quot;L\u00e9gumes et aromates 82% (Oignons*, Ail, Poireaux, Romarin*, Laurier*, Thym*), Huile d'olive (10%), Sel (8%)nn* du jardin ... les autres ingr\u00e9dients sont issus de l'agriculture biologiquen&quot;}\" data-sheets-userformat=\"{&quot;2&quot;:769,&quot;3&quot;:{&quot;1&quot;:0},&quot;11&quot;:4,&quot;12&quot;:0}\" style=\"font-family: 'Comic Sans MS', sans-serif; color: #000000;\">Composition<strong> :<\/strong> Sucre de canne blanc , Fleurs de Reine-des-pr\u00e9s<\/span><\/p>\n<p><span data-sheets-value=\"{&quot;1&quot;:2,&quot;2&quot;:&quot;Enfin une alternative 100% locale et gourmande au sucre vanill\u00e9 !\\n\\nAvec ses ar\u00f4mes d'amande l\u00e9g\u00e8rement vanill\u00e9s, la Reine-des-pr\u00e9s est un vrai r\u00e9gal.\\nInvitez-la donc dans vos desserts et p\u00e2tisseries, et t\u00e9l\u00e9portez-les direct dans le jardin ...&quot;}\" data-sheets-userformat=\"{&quot;2&quot;:769,&quot;3&quot;:{&quot;1&quot;:0},&quot;11&quot;:4,&quot;12&quot;:0}\" style=\"font-family: 'Comic Sans MS', sans-serif; color: #000000;\">Avec ce sucre\u00a0 aromatis\u00e9 \u00e0 la reine des pr\u00e9s, enfin une alternative 100% naturel\u00a0 <\/span><\/p>\n<p><span data-sheets-value=\"{&quot;1&quot;:2,&quot;2&quot;:&quot;Enfin une alternative 100% locale et gourmande au sucre vanill\u00e9 !\\n\\nAvec ses ar\u00f4mes d'amande l\u00e9g\u00e8rement vanill\u00e9s, la Reine-des-pr\u00e9s est un vrai r\u00e9gal.\\nInvitez-la donc dans vos desserts et p\u00e2tisseries, et t\u00e9l\u00e9portez-les direct dans le jardin ...&quot;}\" data-sheets-userformat=\"{&quot;2&quot;:769,&quot;3&quot;:{&quot;1&quot;:0},&quot;11&quot;:4,&quot;12&quot;:0}\" style=\"font-family: 'Comic Sans MS', sans-serif; color: #000000;\">et gourmande au sucre vanill\u00e9.<\/span><\/p>\n<p><span style=\"font-family: 'Comic Sans MS', sans-serif; color: #000000;\">Avec ses ar\u00f4mes d\u2019amande et l\u00e9g\u00e8rement vanill\u00e9s, la reine des pr\u00e9s est un vrai r\u00e9gal !<\/span><br \/>\n<span style=\"font-family: 'Comic Sans MS', sans-serif; color: #000000;\">Invitez-la donc dans vos desserts, cr\u00eapes et p\u00e2tisseries ou tout simplement dans un yaourt ou fromage blanc .<\/span><\/p>\n<p>&nbsp;<\/p>\n","protected":false},"excerpt":{"rendered":"<p><span style=\"font-family: 'Comic Sans MS', sans-serif; color: #000000;\">100% Naturel et Bio<\/span><\/p>\n","protected":false},"featured_media":2713,"comment_status":"closed","ping_status":"closed","template":"","meta":{"_acf_changed":false},"product_brand":[],"product_cat":[51,48],"product_tag":[],"class_list":{"0":"post-1951","1":"product","2":"type-product","3":"status-publish","4":"has-post-thumbnail","6":"product_cat-douceurs-gourmandes","7":"product_cat-les-condiments-et-aromates","9":"first","10":"instock","11":"shipping-taxable","12":"purchasable","13":"product-type-simple"},"acf":[],"aioseo_notices":[],"_links":{"self":[{"href":"https:\/\/lesplantesdisa.fr\/nov-apijson\/wp\/v2\/product\/1951","targetHints":{"allow":["GET"]}}],"collection":[{"href":"https:\/\/lesplantesdisa.fr\/nov-apijson\/wp\/v2\/product"}],"about":[{"href":"https:\/\/lesplantesdisa.fr\/nov-apijson\/wp\/v2\/types\/product"}],"replies":[{"embeddable":true,"href":"https:\/\/lesplantesdisa.fr\/nov-apijson\/wp\/v2\/comments?post=1951"}],"wp:featuredmedia":[{"embeddable":true,"href":"https:\/\/lesplantesdisa.fr\/nov-apijson\/wp\/v2\/media\/2713"}],"wp:attachment":[{"href":"https:\/\/lesplantesdisa.fr\/nov-apijson\/wp\/v2\/media?parent=1951"}],"wp:term":[{"taxonomy":"product_brand","embeddable":true,"href":"https:\/\/lesplantesdisa.fr\/nov-apijson\/wp\/v2\/product_brand?post=1951"},{"taxonomy":"product_cat","embeddable":true,"href":"https:\/\/lesplantesdisa.fr\/nov-apijson\/wp\/v2\/product_cat?post=1951"},{"taxonomy":"product_tag","embeddable":true,"href":"https:\/\/lesplantesdisa.fr\/nov-apijson\/wp\/v2\/product_tag?post=1951"}],"curies":[{"name":"wp","href":"https:\/\/api.w.org\/{rel}","templated":true}]}}

Sucre à la reine des près 110gr

<p><span data-sheets-value="{&quot;1&quot;:2,&quot;2&quot;:&quot;Légumes et aromates 82% (Oignons*, Ail, Poireaux, Romarin*, Laurier*, Thym*), Huile d'olive (10%), Sel (8%)nn* du jardin ... les autres ingrédients sont issus de l'agriculture biologiquen&quot;}" data-sheets-userformat="{&quot;2&quot;:769,&quot;3&quot;:{&quot;1&quot;:0},&quot;11&quot;:4,&quot;12&quot;:0}" style="font-family: 'Comic Sans MS', sans-serif; color: #000000;">Composition<strong> :</strong> Sucre de canne blanc , Fleurs de Reine-des-prés</span></p>
<p><span data-sheets-value="{&quot;1&quot;:2,&quot;2&quot;:&quot;Enfin une alternative 100% locale et gourmande au sucre vanillé !\n\nAvec ses arômes d'amande légèrement vanillés, la Reine-des-prés est un vrai régal.\nInvitez-la donc dans vos desserts et pâtisseries, et téléportez-les direct dans le jardin ...&quot;}" data-sheets-userformat="{&quot;2&quot;:769,&quot;3&quot;:{&quot;1&quot;:0},&quot;11&quot;:4,&quot;12&quot;:0}" style="font-family: 'Comic Sans MS', sans-serif; color: #000000;">Avec ce sucre  aromatisé à la reine des prés, enfin une alternative 100% naturel  </span></p>
<p><span data-sheets-value="{&quot;1&quot;:2,&quot;2&quot;:&quot;Enfin une alternative 100% locale et gourmande au sucre vanillé !\n\nAvec ses arômes d'amande légèrement vanillés, la Reine-des-prés est un vrai régal.\nInvitez-la donc dans vos desserts et pâtisseries, et téléportez-les direct dans le jardin ...&quot;}" data-sheets-userformat="{&quot;2&quot;:769,&quot;3&quot;:{&quot;1&quot;:0},&quot;11&quot;:4,&quot;12&quot;:0}" style="font-family: 'Comic Sans MS', sans-serif; color: #000000;">et gourmande au sucre vanillé.</span></p>
<p><span style="font-family: 'Comic Sans MS', sans-serif; color: #000000;">Avec ses arômes d’amande et légèrement vanillés, la reine des prés est un vrai régal !</span><br />
<span style="font-family: 'Comic Sans MS', sans-serif; color: #000000;">Invitez-la donc dans vos desserts, crêpes et pâtisseries ou tout simplement dans un yaourt ou fromage blanc .</span></p>
<p>&nbsp;</p>
