{"id":2467,"date":"2021-08-31T17:27:08","date_gmt":"2021-08-31T15:27:08","guid":{"rendered":"https:\/\/lesplantesdisa.fr\/?post_type=product&#038;p=2467"},"modified":"2023-11-06T16:50:12","modified_gmt":"2023-11-06T15:50:12","slug":"melange-herbes-des-cevennes","status":"publish","type":"product","link":"https:\/\/lesplantesdisa.fr\/produit\/melange-herbes-des-cevennes\/","title":{"rendered":"M\u00e9lange Herbes des C\u00e9vennes 20g"},"content":{"rendered":"<div><span style=\"font-family: 'Comic Sans MS', sans-serif; color: #000000;\">Composition :\u00a0 Romarin, Sarriette, Thym, Marjolaine des jardins .<\/span><\/div>\n<div><\/div>\n<div><span style=\"color: #000000;\"><span style=\"font-family: 'Comic Sans MS', sans-serif;\"> D\u00e9couvrez notre M\u00e9lange d&rsquo;herbes des C\u00e9vennes, <\/span><span style=\"font-family: 'Comic Sans MS', sans-serif;\">un produit exceptionnel issu de notre production locale en agriculture biologique. Chaque plante est cultiv\u00e9e avec soin pour garantir un produit 100 % naturel. Notre m\u00e9lange d&rsquo;herbes est sp\u00e9cialement con\u00e7u pour rehausser vos plats et leur donner une explosion de saveurs. Transformez chaque repas en une exp\u00e9rience gustative inoubliable avec notre m\u00e9lange d&rsquo;herbes de qualit\u00e9.<\/span><\/span><\/div>\n<div><\/div>\n","protected":false},"excerpt":{"rendered":"<p><span style=\"font-family: 'Comic Sans MS', sans-serif; color: #000000;\">100% Naturel et Bio\u00a0<\/span><\/p>\n","protected":false},"featured_media":2495,"comment_status":"closed","ping_status":"closed","template":"","meta":{"_acf_changed":false},"product_brand":[],"product_cat":[48],"product_tag":[],"class_list":{"0":"post-2467","1":"product","2":"type-product","3":"status-publish","4":"has-post-thumbnail","6":"product_cat-les-condiments-et-aromates","8":"first","9":"instock","10":"shipping-taxable","11":"purchasable","12":"product-type-simple"},"acf":[],"aioseo_notices":[],"_links":{"self":[{"href":"https:\/\/lesplantesdisa.fr\/nov-apijson\/wp\/v2\/product\/2467","targetHints":{"allow":["GET"]}}],"collection":[{"href":"https:\/\/lesplantesdisa.fr\/nov-apijson\/wp\/v2\/product"}],"about":[{"href":"https:\/\/lesplantesdisa.fr\/nov-apijson\/wp\/v2\/types\/product"}],"replies":[{"embeddable":true,"href":"https:\/\/lesplantesdisa.fr\/nov-apijson\/wp\/v2\/comments?post=2467"}],"wp:featuredmedia":[{"embeddable":true,"href":"https:\/\/lesplantesdisa.fr\/nov-apijson\/wp\/v2\/media\/2495"}],"wp:attachment":[{"href":"https:\/\/lesplantesdisa.fr\/nov-apijson\/wp\/v2\/media?parent=2467"}],"wp:term":[{"taxonomy":"product_brand","embeddable":true,"href":"https:\/\/lesplantesdisa.fr\/nov-apijson\/wp\/v2\/product_brand?post=2467"},{"taxonomy":"product_cat","embeddable":true,"href":"https:\/\/lesplantesdisa.fr\/nov-apijson\/wp\/v2\/product_cat?post=2467"},{"taxonomy":"product_tag","embeddable":true,"href":"https:\/\/lesplantesdisa.fr\/nov-apijson\/wp\/v2\/product_tag?post=2467"}],"curies":[{"name":"wp","href":"https:\/\/api.w.org\/{rel}","templated":true}]}}

Mélange Herbes des Cévennes 20g

<div><span style="font-family: 'Comic Sans MS', sans-serif; color: #000000;">Composition :  Romarin, Sarriette, Thym, Marjolaine des jardins .</span></div>
<div></div>
<div><span style="color: #000000;"><span style="font-family: 'Comic Sans MS', sans-serif;"> Découvrez notre Mélange d&rsquo;herbes des Cévennes, </span><span style="font-family: 'Comic Sans MS', sans-serif;">un produit exceptionnel issu de notre production locale en agriculture biologique. Chaque plante est cultivée avec soin pour garantir un produit 100 % naturel. Notre mélange d&rsquo;herbes est spécialement conçu pour rehausser vos plats et leur donner une explosion de saveurs. Transformez chaque repas en une expérience gustative inoubliable avec notre mélange d&rsquo;herbes de qualité.</span></span></div>
<div></div>
