{"id":2637,"date":"2023-11-06T19:03:47","date_gmt":"2023-11-06T18:03:47","guid":{"rendered":"https:\/\/lesplantesdisa.fr\/?post_type=product&#038;p=2637"},"modified":"2023-11-14T11:36:54","modified_gmt":"2023-11-14T10:36:54","slug":"sel-au-thym-et-sarriette-copie","status":"publish","type":"product","link":"https:\/\/lesplantesdisa.fr\/produit\/sel-au-thym-et-sarriette-copie\/","title":{"rendered":"Gel\u00e9e de Thym 100 gr"},"content":{"rendered":"<p><span style=\"font-family: 'Comic Sans MS', sans-serif; color: #000000;\">Composition : Infusion de thym, sucre de canne brun, agar-agar, citron.<\/span><\/p>\n<p><span style=\"font-family: 'Comic Sans MS', sans-serif; color: #000000;\">La gel\u00e9e de thym est un tr\u00e9sor culinaire \u00e0 la fois antiseptique et d\u00e9licieux pour la gorge. Une simple cuill\u00e8re de cette d\u00e9licieuse gel\u00e9e le matin peut \u00eatre le coup d&rsquo;envoi parfait pour une journ\u00e9e saine. Son utilit\u00e9 ne s&rsquo;arr\u00eate pas l\u00e0 ; elle s&rsquo;harmonise magnifiquement avec du fromage ou du foie gras, ajoutant une touche d&rsquo;\u00e9l\u00e9gance \u00e0 vos d\u00e9gustations. De plus, en cuisine, elle peut sublimer une sauce, qu&rsquo;elle soit sucr\u00e9e ou sal\u00e9e, apportant une touche d&rsquo;originalit\u00e9 \u00e0 vos plats. La gel\u00e9e de thym \u00e9voque les parfums envo\u00fbtants de la Provence, vous transportant au c\u0153ur de cette r\u00e9gion magnifique. Elle incarne \u00e0 la fois la sant\u00e9 et la gourmandise, faisant d&rsquo;elle un v\u00e9ritable tr\u00e9sor pour les papilles.<\/span><\/p>\n","protected":false},"excerpt":{"rendered":"<p><span style=\"font-family: 'Comic Sans MS', sans-serif; color: #000000;\">100% Naturel et Bio<\/span><\/p>\n","protected":false},"featured_media":2590,"comment_status":"closed","ping_status":"closed","template":"","meta":{"_acf_changed":false},"product_brand":[],"product_cat":[51,48],"product_tag":[],"class_list":{"0":"post-2637","1":"product","2":"type-product","3":"status-publish","4":"has-post-thumbnail","6":"product_cat-douceurs-gourmandes","7":"product_cat-les-condiments-et-aromates","9":"first","10":"instock","11":"shipping-taxable","12":"purchasable","13":"product-type-simple"},"acf":[],"aioseo_notices":[],"_links":{"self":[{"href":"https:\/\/lesplantesdisa.fr\/nov-apijson\/wp\/v2\/product\/2637","targetHints":{"allow":["GET"]}}],"collection":[{"href":"https:\/\/lesplantesdisa.fr\/nov-apijson\/wp\/v2\/product"}],"about":[{"href":"https:\/\/lesplantesdisa.fr\/nov-apijson\/wp\/v2\/types\/product"}],"replies":[{"embeddable":true,"href":"https:\/\/lesplantesdisa.fr\/nov-apijson\/wp\/v2\/comments?post=2637"}],"wp:featuredmedia":[{"embeddable":true,"href":"https:\/\/lesplantesdisa.fr\/nov-apijson\/wp\/v2\/media\/2590"}],"wp:attachment":[{"href":"https:\/\/lesplantesdisa.fr\/nov-apijson\/wp\/v2\/media?parent=2637"}],"wp:term":[{"taxonomy":"product_brand","embeddable":true,"href":"https:\/\/lesplantesdisa.fr\/nov-apijson\/wp\/v2\/product_brand?post=2637"},{"taxonomy":"product_cat","embeddable":true,"href":"https:\/\/lesplantesdisa.fr\/nov-apijson\/wp\/v2\/product_cat?post=2637"},{"taxonomy":"product_tag","embeddable":true,"href":"https:\/\/lesplantesdisa.fr\/nov-apijson\/wp\/v2\/product_tag?post=2637"}],"curies":[{"name":"wp","href":"https:\/\/api.w.org\/{rel}","templated":true}]}}

Gelée de Thym 100 gr

<p><span style="font-family: 'Comic Sans MS', sans-serif; color: #000000;">Composition : Infusion de thym, sucre de canne brun, agar-agar, citron.</span></p>
<p><span style="font-family: 'Comic Sans MS', sans-serif; color: #000000;">La gelée de thym est un trésor culinaire à la fois antiseptique et délicieux pour la gorge. Une simple cuillère de cette délicieuse gelée le matin peut être le coup d&rsquo;envoi parfait pour une journée saine. Son utilité ne s&rsquo;arrête pas là ; elle s&rsquo;harmonise magnifiquement avec du fromage ou du foie gras, ajoutant une touche d&rsquo;élégance à vos dégustations. De plus, en cuisine, elle peut sublimer une sauce, qu&rsquo;elle soit sucrée ou salée, apportant une touche d&rsquo;originalité à vos plats. La gelée de thym évoque les parfums envoûtants de la Provence, vous transportant au cœur de cette région magnifique. Elle incarne à la fois la santé et la gourmandise, faisant d&rsquo;elle un véritable trésor pour les papilles.</span></p>
